{"id":4608,"date":"2016-07-22T08:10:27","date_gmt":"2016-07-22T07:10:27","guid":{"rendered":"https:\/\/ecolesprivees-maternellesetprimaires-vitre.fr\/saintebernadette\/?page_id=4608"},"modified":"2025-10-22T10:09:44","modified_gmt":"2025-10-22T09:09:44","slug":"calendrier-agenda","status":"publish","type":"page","link":"https:\/\/ecolesprivees-maternellesetprimaires-vitre.fr\/saintebernadette\/calendrier-agenda\/","title":{"rendered":"Calendrier &#8211; Agenda"},"content":{"rendered":"<div class=\"wpb-content-wrapper\">[vc_row][vc_column]<style>.vcex-heading.vcex_69ff2b05cf648 .vcex-heading-inner{border-color:#f5c81d;}.vcex-heading.vcex_69ff2b05cf648{border-color:#e8e8e8;font-size:36px;}<\/style><div class=\"vcex-heading vcex-heading-bottom-border-w-color vcex-module wpex-heading wpex-text-2xl wpex-border-b-2 wpex-border-solid wpex-border-main vcex_69ff2b05cf648\"><span class=\"vcex-heading-inner wpex-inline-block wpex-relative wpex-pb-5 wpex-border-b-2 wpex-border-solid wpex-border-accent\">Calendrier - Agenda<\/span><\/div><div class=\"vcex-spacing wpex-w-100 wpex-clear\"><\/div>[vc_column_text css=\u00a0\u00bb\u00a0\u00bb]<span style=\"color: #f5c81d\">Durant l&rsquo;ann\u00e9e scolaire, 3 s\u00e9ances de gymnastique sont propos\u00e9es aux \u00e9l\u00e8ves de chaque classe, le jeudi \u00e0 l&rsquo;Aurore. <\/span><\/p>\n<p><span style=\"color: #f5c81d\">Les \u00e9l\u00e8ves de Grande Section participent \u00e0 des s\u00e9ances de natation le lundi apr\u00e8s-midi \u00e0 partir du mois de mars 2026 jusqu&rsquo;\u00e0 la fin du mois de juin.<\/span><\/p>\n<p><span style=\"color: #f5c81d\"><a href=\"https:\/\/ecolesprivees-maternellesetprimaires-vitre.fr\/saintebernadette\/wp-content\/uploads\/sites\/10\/2025\/10\/f43488f3-f370-4801-b676-1d81bd2ace7f.jpg\"><img loading=\"lazy\" decoding=\"async\" class=\"alignnone size-medium wp-image-7388\" src=\"https:\/\/ecolesprivees-maternellesetprimaires-vitre.fr\/saintebernadette\/wp-content\/uploads\/sites\/10\/2025\/10\/f43488f3-f370-4801-b676-1d81bd2ace7f-300x233.jpg\" alt=\"\" width=\"300\" height=\"233\" srcset=\"https:\/\/ecolesprivees-maternellesetprimaires-vitre.fr\/saintebernadette\/wp-content\/uploads\/sites\/10\/2025\/10\/f43488f3-f370-4801-b676-1d81bd2ace7f-300x233.jpg 300w, https:\/\/ecolesprivees-maternellesetprimaires-vitre.fr\/saintebernadette\/wp-content\/uploads\/sites\/10\/2025\/10\/f43488f3-f370-4801-b676-1d81bd2ace7f.jpg 515w\" sizes=\"auto, (max-width: 300px) 100vw, 300px\" \/><\/a><\/span><\/p>\n<p><span style=\"color: #f5c81d\">Chaque vendredi de l\u2019ann\u00e9e avec Val\u00e9rie Souvestre<\/span><br \/>\n<strong>Anglais Grande Section<\/strong><\/p>\n<p><span style=\"color: #f5c81d\">C\u00e9l\u00e9bration sur le th\u00e8me \u00ab\u00a0Prends soin de l&rsquo;autre\u00a0\u00bb<\/span><\/p>\n<p><a href=\"https:\/\/ecolesprivees-maternellesetprimaires-vitre.fr\/saintebernadette\/wp-content\/uploads\/sites\/10\/2025\/10\/dff1fe59-fa7c-410c-9ff0-b98903655029-3.jpg\"><img loading=\"lazy\" decoding=\"async\" class=\"alignnone size-medium wp-image-7384\" src=\"https:\/\/ecolesprivees-maternellesetprimaires-vitre.fr\/saintebernadette\/wp-content\/uploads\/sites\/10\/2025\/10\/dff1fe59-fa7c-410c-9ff0-b98903655029-3-300x225.jpg\" alt=\"\" width=\"300\" height=\"225\" srcset=\"https:\/\/ecolesprivees-maternellesetprimaires-vitre.fr\/saintebernadette\/wp-content\/uploads\/sites\/10\/2025\/10\/dff1fe59-fa7c-410c-9ff0-b98903655029-3-300x225.jpg 300w, https:\/\/ecolesprivees-maternellesetprimaires-vitre.fr\/saintebernadette\/wp-content\/uploads\/sites\/10\/2025\/10\/dff1fe59-fa7c-410c-9ff0-b98903655029-3.jpg 533w\" sizes=\"auto, (max-width: 300px) 100vw, 300px\" \/><\/a><\/p>\n<p>Le 16 octobre 2025<\/p>\n<p>La prochaine c\u00e9l\u00e9bration et notre traditionnel arbre de No\u00ebl aura lieu le 18 d\u00e9cembre 2025<\/p>\n<p><span style=\"color: #f5c81d\"><a href=\"https:\/\/ecolesprivees-maternellesetprimaires-vitre.fr\/saintebernadette\/wp-content\/uploads\/sites\/10\/2025\/10\/d4a98e96-2166-4e11-acc4-74f3f15ee3bd.jpg\"><img loading=\"lazy\" decoding=\"async\" class=\"alignnone size-medium wp-image-7385\" src=\"https:\/\/ecolesprivees-maternellesetprimaires-vitre.fr\/saintebernadette\/wp-content\/uploads\/sites\/10\/2025\/10\/d4a98e96-2166-4e11-acc4-74f3f15ee3bd-300x225.jpg\" alt=\"Arbre de No\u00ebl 2024\" width=\"300\" height=\"225\" srcset=\"https:\/\/ecolesprivees-maternellesetprimaires-vitre.fr\/saintebernadette\/wp-content\/uploads\/sites\/10\/2025\/10\/d4a98e96-2166-4e11-acc4-74f3f15ee3bd-300x225.jpg 300w, https:\/\/ecolesprivees-maternellesetprimaires-vitre.fr\/saintebernadette\/wp-content\/uploads\/sites\/10\/2025\/10\/d4a98e96-2166-4e11-acc4-74f3f15ee3bd.jpg 533w\" sizes=\"auto, (max-width: 300px) 100vw, 300px\" \/><\/a><\/span><\/p>\n<p><span style=\"color: #f5c81d\">Dimanche 28 juin 2026<\/span><br \/>\n<strong>Kermesse<\/strong><\/p>\n<p><a href=\"https:\/\/ecolesprivees-maternellesetprimaires-vitre.fr\/saintebernadette\/wp-content\/uploads\/sites\/10\/2025\/10\/Capture-decran-2025-10-21-a-14.20.22.png\"><img loading=\"lazy\" decoding=\"async\" class=\"alignnone size-medium wp-image-7383\" src=\"https:\/\/ecolesprivees-maternellesetprimaires-vitre.fr\/saintebernadette\/wp-content\/uploads\/sites\/10\/2025\/10\/Capture-decran-2025-10-21-a-14.20.22-300x284.png\" alt=\"\" width=\"300\" height=\"284\" srcset=\"https:\/\/ecolesprivees-maternellesetprimaires-vitre.fr\/saintebernadette\/wp-content\/uploads\/sites\/10\/2025\/10\/Capture-decran-2025-10-21-a-14.20.22-300x284.png 300w, https:\/\/ecolesprivees-maternellesetprimaires-vitre.fr\/saintebernadette\/wp-content\/uploads\/sites\/10\/2025\/10\/Capture-decran-2025-10-21-a-14.20.22.png 423w\" sizes=\"auto, (max-width: 300px) 100vw, 300px\" \/><\/a>[\/vc_column_text]<div class=\"vcex-module vcex-divider vcex-divider-double vcex-divider-center wpex-mx-auto wpex-block wpex-h-0 wpex-border-y wpex-border-solid wpex-border-main wpex-pb-5\" style=\"margin-block:30px;\"><\/div><div class=\"vcex-module vcex-divider vcex-divider-double vcex-divider-center wpex-mx-auto wpex-block wpex-h-0 wpex-border-y wpex-border-solid wpex-border-main wpex-pb-5\" style=\"margin-block:30px;\"><\/div>[vc_column_text css=\u00a0\u00bb\u00a0\u00bb]\n<h2>Les sorties scolaires<\/h2>\n<p><b>Durant l&rsquo;ann\u00e9e scolaire 2024 2025, en lien avec notre th\u00e8me de l&rsquo;ann\u00e9e, les animaux, nous avons emmen\u00e9 nos \u00e9l\u00e8ves \u00e0 deux sorties \u00a0scolaires.\u00a0<\/b><\/p>\n<p>Les \u00e9l\u00e8ves de petite section sont all\u00e9s \u00e0 la ferme p\u00e9dagogique de Saint Ouen les Alleux et \u00e0 Diverty Parc.<\/p>\n<p><a href=\"https:\/\/ecolesprivees-maternellesetprimaires-vitre.fr\/saintebernadette\/wp-content\/uploads\/sites\/10\/2025\/10\/Capture-decran-2025-10-21-a-15.05.43.png\"><img loading=\"lazy\" decoding=\"async\" class=\"alignnone size-medium wp-image-7390\" src=\"https:\/\/ecolesprivees-maternellesetprimaires-vitre.fr\/saintebernadette\/wp-content\/uploads\/sites\/10\/2025\/10\/Capture-decran-2025-10-21-a-15.05.43-229x300.png\" alt=\"\" width=\"229\" height=\"300\" srcset=\"https:\/\/ecolesprivees-maternellesetprimaires-vitre.fr\/saintebernadette\/wp-content\/uploads\/sites\/10\/2025\/10\/Capture-decran-2025-10-21-a-15.05.43-229x300.png 229w, https:\/\/ecolesprivees-maternellesetprimaires-vitre.fr\/saintebernadette\/wp-content\/uploads\/sites\/10\/2025\/10\/Capture-decran-2025-10-21-a-15.05.43.png 305w\" sizes=\"auto, (max-width: 229px) 100vw, 229px\" \/><\/a><\/p>\n<p>Les \u00e9l\u00e8ves de moyenne section sont all\u00e9s \u00e0 la ferme p\u00e9dagogique de Saint Ouen les Alleux et au zoo de La Bourbansais.<\/p>\n<p><a href=\"https:\/\/ecolesprivees-maternellesetprimaires-vitre.fr\/saintebernadette\/wp-content\/uploads\/sites\/10\/2025\/10\/IMG_1242-2.jpg\"><img loading=\"lazy\" decoding=\"async\" class=\"alignnone wp-image-7411\" src=\"https:\/\/ecolesprivees-maternellesetprimaires-vitre.fr\/saintebernadette\/wp-content\/uploads\/sites\/10\/2025\/10\/IMG_1242-2-300x225.jpg\" alt=\"\" width=\"232\" height=\"174\" srcset=\"https:\/\/ecolesprivees-maternellesetprimaires-vitre.fr\/saintebernadette\/wp-content\/uploads\/sites\/10\/2025\/10\/IMG_1242-2-300x225.jpg 300w, https:\/\/ecolesprivees-maternellesetprimaires-vitre.fr\/saintebernadette\/wp-content\/uploads\/sites\/10\/2025\/10\/IMG_1242-2.jpg 533w\" sizes=\"auto, (max-width: 232px) 100vw, 232px\" \/><\/a><\/p>\n<p>Les \u00e9l\u00e8ves de grande section sont all\u00e9s \u00e0 l&rsquo;aquarium de Saint Malo et au zoo de la Bourbansais.<\/p>\n<p><a href=\"https:\/\/ecolesprivees-maternellesetprimaires-vitre.fr\/saintebernadette\/wp-content\/uploads\/sites\/10\/2025\/10\/IMG_9341.jpg\"><img loading=\"lazy\" decoding=\"async\" class=\"alignnone size-medium wp-image-7412\" src=\"https:\/\/ecolesprivees-maternellesetprimaires-vitre.fr\/saintebernadette\/wp-content\/uploads\/sites\/10\/2025\/10\/IMG_9341-225x300.jpg\" alt=\"\" width=\"225\" height=\"300\" srcset=\"https:\/\/ecolesprivees-maternellesetprimaires-vitre.fr\/saintebernadette\/wp-content\/uploads\/sites\/10\/2025\/10\/IMG_9341-225x300.jpg 225w, https:\/\/ecolesprivees-maternellesetprimaires-vitre.fr\/saintebernadette\/wp-content\/uploads\/sites\/10\/2025\/10\/IMG_9341.jpg 300w\" sizes=\"auto, (max-width: 225px) 100vw, 225px\" \/><\/a>[\/vc_column_text]<div class=\"vcex-spacing wpex-w-100 wpex-clear\"><\/div>[\/vc_column][\/vc_row]\n<\/div>","protected":false},"excerpt":{"rendered":"<p>[vc_row][vc_column][vc_column_text css=\u00a0\u00bb\u00a0\u00bb]Durant l&rsquo;ann\u00e9e scolaire, 3 s\u00e9ances de gymnastique sont propos\u00e9es aux \u00e9l\u00e8ves de chaque classe, le jeudi \u00e0 l&rsquo;Aurore. Les \u00e9l\u00e8ves de Grande Section participent \u00e0 des s\u00e9ances de natation le lundi apr\u00e8s-midi \u00e0 partir du mois de mars 2026 jusqu&rsquo;\u00e0 la fin du mois de juin. Chaque vendredi de l\u2019ann\u00e9e avec Val\u00e9rie Souvestre Anglais&hellip;<\/p>\n","protected":false},"author":1,"featured_media":0,"parent":0,"menu_order":0,"comment_status":"open","ping_status":"closed","template":"","meta":{"footnotes":""},"class_list":["post-4608","page","type-page","status-publish","hentry","entry","no-media"],"aioseo_notices":[],"_links":{"self":[{"href":"https:\/\/ecolesprivees-maternellesetprimaires-vitre.fr\/saintebernadette\/wp-json\/wp\/v2\/pages\/4608","targetHints":{"allow":["GET"]}}],"collection":[{"href":"https:\/\/ecolesprivees-maternellesetprimaires-vitre.fr\/saintebernadette\/wp-json\/wp\/v2\/pages"}],"about":[{"href":"https:\/\/ecolesprivees-maternellesetprimaires-vitre.fr\/saintebernadette\/wp-json\/wp\/v2\/types\/page"}],"author":[{"embeddable":true,"href":"https:\/\/ecolesprivees-maternellesetprimaires-vitre.fr\/saintebernadette\/wp-json\/wp\/v2\/users\/1"}],"replies":[{"embeddable":true,"href":"https:\/\/ecolesprivees-maternellesetprimaires-vitre.fr\/saintebernadette\/wp-json\/wp\/v2\/comments?post=4608"}],"version-history":[{"count":24,"href":"https:\/\/ecolesprivees-maternellesetprimaires-vitre.fr\/saintebernadette\/wp-json\/wp\/v2\/pages\/4608\/revisions"}],"predecessor-version":[{"id":7430,"href":"https:\/\/ecolesprivees-maternellesetprimaires-vitre.fr\/saintebernadette\/wp-json\/wp\/v2\/pages\/4608\/revisions\/7430"}],"wp:attachment":[{"href":"https:\/\/ecolesprivees-maternellesetprimaires-vitre.fr\/saintebernadette\/wp-json\/wp\/v2\/media?parent=4608"}],"curies":[{"name":"wp","href":"https:\/\/api.w.org\/{rel}","templated":true}]}}