{"id":478,"date":"2014-07-31T21:48:57","date_gmt":"2014-07-31T20:48:57","guid":{"rendered":"http:\/\/ecolesprivees-maternellesetprimaires-vitre.fr\/notredame\/?page_id=478"},"modified":"2018-01-29T21:01:30","modified_gmt":"2018-01-29T20:01:30","slug":"restauration-cantine","status":"publish","type":"page","link":"https:\/\/ecolesprivees-maternellesetprimaires-vitre.fr\/notredame\/restauration-cantine\/","title":{"rendered":"Restauration &#8211; Cantine"},"content":{"rendered":"<div class=\"wpb-content-wrapper\">[vc_row][vc_column]<style>.vcex-heading.vcex_69eb82e192d34 .vcex-heading-inner{border-color:#e94b46;}.vcex-heading.vcex_69eb82e192d34{border-color:#e8e8e8;font-size:36px;}<\/style><div class=\"vcex-heading vcex-heading-bottom-border-w-color vcex-module wpex-heading wpex-text-2xl wpex-border-b-2 wpex-border-solid wpex-border-main vcex_69eb82e192d34\"><span class=\"vcex-heading-inner wpex-inline-block wpex-relative wpex-pb-5 wpex-border-b-2 wpex-border-solid wpex-border-accent\">Restauration - Cantine<\/span><\/div>[vc_column_text]\n<p style=\"text-align: right\">&gt; <code><a href=\"#menu\"> Les menus<\/a><\/code><\/p>\n[\/vc_column_text][vc_column_text]\n<h3>Notre chef cuisinier est G\u00e9rard<\/h3>\n<p>Nous proposons 2 services de cantine :<br \/>\nDe 11H50 \u00e0 12H30 : service des TPS PS MS GS<br \/>\nDe 12H30 \u00e0 13H15 : service des CP CE1 CE2 CM1 CM2[\/vc_column_text][vc_single_image image=\u00a0\u00bb4778&Prime; css=\u00a0\u00bb.vc_custom_1475745407342{margin-top: 30px !important;margin-bottom: 30px !important;}\u00a0\u00bb][vc_single_image image=\u00a0\u00bb4775&Prime;]<div class=\"vcex-module vcex-divider vcex-divider-double vcex-divider-center wpex-mx-auto wpex-block wpex-h-0 wpex-border-y wpex-border-solid wpex-border-main wpex-pb-5\" style=\"margin-block:30px;\"><\/div>[vc_column_text]<a name=\"menu\"><\/a><\/p>\n<h1>Le menu de la semaine<\/h1>\n[\/vc_column_text][vc_column_text]T\u00e9l\u00e9chargez le menu au format pdf:<\/p>\n[\/vc_column_text]<div class=\"vcex-spacing wpex-w-100 wpex-clear\"><\/div>[\/vc_column][\/vc_row][vc_row][vc_column][\/vc_column][\/vc_row]\n<\/div>","protected":false},"excerpt":{"rendered":"<p>[vc_row][vc_column][vc_column_text] &gt; Les menus [\/vc_column_text][vc_column_text] Notre chef cuisinier est G\u00e9rard Nous proposons 2 services de cantine : De 11H50 \u00e0 12H30 : service des TPS PS MS GS De 12H30 \u00e0 13H15 : service des CP CE1 CE2 CM1 CM2[\/vc_column_text][vc_single_image image=\u00a0\u00bb4778&Prime; css=\u00a0\u00bb.vc_custom_1475745407342{margin-top: 30px !important;margin-bottom: 30px !important;}\u00a0\u00bb][vc_single_image image=\u00a0\u00bb4775&Prime;][vc_column_text] Le menu de la semaine [\/vc_column_text][vc_column_text]T\u00e9l\u00e9chargez le menu&hellip;<\/p>\n","protected":false},"author":1,"featured_media":0,"parent":0,"menu_order":0,"comment_status":"open","ping_status":"closed","template":"","meta":{"footnotes":""},"class_list":["post-478","page","type-page","status-publish","hentry","entry","no-media"],"aioseo_notices":[],"_links":{"self":[{"href":"https:\/\/ecolesprivees-maternellesetprimaires-vitre.fr\/notredame\/wp-json\/wp\/v2\/pages\/478","targetHints":{"allow":["GET"]}}],"collection":[{"href":"https:\/\/ecolesprivees-maternellesetprimaires-vitre.fr\/notredame\/wp-json\/wp\/v2\/pages"}],"about":[{"href":"https:\/\/ecolesprivees-maternellesetprimaires-vitre.fr\/notredame\/wp-json\/wp\/v2\/types\/page"}],"author":[{"embeddable":true,"href":"https:\/\/ecolesprivees-maternellesetprimaires-vitre.fr\/notredame\/wp-json\/wp\/v2\/users\/1"}],"replies":[{"embeddable":true,"href":"https:\/\/ecolesprivees-maternellesetprimaires-vitre.fr\/notredame\/wp-json\/wp\/v2\/comments?post=478"}],"version-history":[{"count":42,"href":"https:\/\/ecolesprivees-maternellesetprimaires-vitre.fr\/notredame\/wp-json\/wp\/v2\/pages\/478\/revisions"}],"predecessor-version":[{"id":4947,"href":"https:\/\/ecolesprivees-maternellesetprimaires-vitre.fr\/notredame\/wp-json\/wp\/v2\/pages\/478\/revisions\/4947"}],"wp:attachment":[{"href":"https:\/\/ecolesprivees-maternellesetprimaires-vitre.fr\/notredame\/wp-json\/wp\/v2\/media?parent=478"}],"curies":[{"name":"wp","href":"https:\/\/api.w.org\/{rel}","templated":true}]}}