{"id":475,"date":"2014-07-31T21:48:01","date_gmt":"2014-07-31T20:48:01","guid":{"rendered":"http:\/\/ecolesprivees-maternellesetprimaires-vitre.fr\/notredame\/?page_id=475"},"modified":"2025-10-16T09:09:40","modified_gmt":"2025-10-16T08:09:40","slug":"calendrier-agenda","status":"publish","type":"page","link":"https:\/\/ecolesprivees-maternellesetprimaires-vitre.fr\/notredame\/calendrier-agenda\/","title":{"rendered":"Calendrier &#8211; Agenda"},"content":{"rendered":"<div class=\"wpb-content-wrapper\">[vc_row][vc_column]<style>.vcex-heading.vcex_69f43d73e4409 .vcex-heading-inner{border-color:#e94b46;}.vcex-heading.vcex_69f43d73e4409{border-color:#e8e8e8;font-size:36px;}<\/style><div class=\"vcex-heading vcex-heading-bottom-border-w-color vcex-module wpex-heading wpex-text-2xl wpex-border-b-2 wpex-border-solid wpex-border-main vcex_69f43d73e4409\"><span class=\"vcex-heading-inner wpex-inline-block wpex-relative wpex-pb-5 wpex-border-b-2 wpex-border-solid wpex-border-accent\">Calendrier - Agenda<\/span><\/div><div class=\"vcex-spacing wpex-w-100 wpex-clear\"><\/div>[vc_column_text css=\u00a0\u00bb\u00a0\u00bb]<strong><span style=\"color: #ff0000\">Vendredi 26 septembre 2025<\/span><br \/>\nMa rentr\u00e9e avec l&rsquo;UGSEL<\/strong><\/p>\n<p><strong><span style=\"color: #ff0000\">Jeudi 16 octobre 2025<\/span><br \/>\nCross pour les \u00e9l\u00e9mentaires<\/strong><\/p>\n<p><strong><span style=\"color: #ff0000\">Mardi 16 d\u00e9cembre 2025<\/span><br \/>\nSpectacle de No\u00ebl pour les \u00e9l\u00e8ves de PS-MS-GS et CP<\/strong><\/p>\n<p><strong><span style=\"color: #ff0000\">Jeudi 18 d\u00e9cembre 2025<\/span><br \/>\nCin\u00e9ma pour les \u00e9l\u00e8ves de CE1-CE2-CM1 et CM2<\/strong><\/p>\n<p><strong><span style=\"color: #ff0000\">Vendredi 19 d\u00e9cembre 2025<\/span><br \/>\nC\u00e9l\u00e9bration de No\u00ebl<\/strong><\/p>\n<p><strong><span style=\"color: #ff0000\">Samedi 31 janvier 2026<\/span><br \/>\nSoir\u00e9e festive de l\u2019\u00e9cole<\/strong><\/p>\n<p><strong><span style=\"color: #ff0000\">Vendredi 13 mars 2026<\/span><br \/>\nCarnaval de l&rsquo;\u00e9cole<\/strong><\/p>\n<p><strong><span style=\"color: #ff0000\">Vendredi 3 avril 2026<\/span><br \/>\nOp\u00e9ration Bol de Riz <\/strong><\/p>\n<p><strong><span style=\"color: #ff0000\">Vendredi 10 avril 2026<\/span><br \/>\nC\u00e9l\u00e9bration de P\u00e2ques<\/strong><\/p>\n<p><span style=\"color: #ff0000\"><strong>Dimanche 28 juin 2026<\/strong><\/span><br \/>\n<strong>Kermesse de l&rsquo;\u00e9cole<\/strong>[\/vc_column_text]<div class=\"vcex-module vcex-divider vcex-divider-double vcex-divider-center wpex-mx-auto wpex-block wpex-h-0 wpex-border-y wpex-border-solid wpex-border-main wpex-pb-5\" style=\"margin-block:30px;\"><\/div><div class=\"vcex-module vcex-divider vcex-divider-double vcex-divider-center wpex-mx-auto wpex-block wpex-h-0 wpex-border-y wpex-border-solid wpex-border-main wpex-pb-5\" style=\"margin-block:30px;\"><\/div>[vc_column_text][\/vc_column_text]<div class=\"vcex-spacing wpex-w-100 wpex-clear\"><\/div>[\/vc_column][\/vc_row]\n<\/div>","protected":false},"excerpt":{"rendered":"<p>[vc_row][vc_column][vc_column_text css=\u00a0\u00bb\u00a0\u00bb]Vendredi 26 septembre 2025 Ma rentr\u00e9e avec l&rsquo;UGSEL Jeudi 16 octobre 2025 Cross pour les \u00e9l\u00e9mentaires Mardi 16 d\u00e9cembre 2025 Spectacle de No\u00ebl pour les \u00e9l\u00e8ves de PS-MS-GS et CP Jeudi 18 d\u00e9cembre 2025 Cin\u00e9ma pour les \u00e9l\u00e8ves de CE1-CE2-CM1 et CM2 Vendredi 19 d\u00e9cembre 2025 C\u00e9l\u00e9bration de No\u00ebl Samedi 31 janvier 2026 Soir\u00e9e&hellip;<\/p>\n","protected":false},"author":1,"featured_media":0,"parent":0,"menu_order":0,"comment_status":"open","ping_status":"closed","template":"","meta":{"footnotes":""},"class_list":["post-475","page","type-page","status-publish","hentry","entry","no-media"],"aioseo_notices":[],"_links":{"self":[{"href":"https:\/\/ecolesprivees-maternellesetprimaires-vitre.fr\/notredame\/wp-json\/wp\/v2\/pages\/475","targetHints":{"allow":["GET"]}}],"collection":[{"href":"https:\/\/ecolesprivees-maternellesetprimaires-vitre.fr\/notredame\/wp-json\/wp\/v2\/pages"}],"about":[{"href":"https:\/\/ecolesprivees-maternellesetprimaires-vitre.fr\/notredame\/wp-json\/wp\/v2\/types\/page"}],"author":[{"embeddable":true,"href":"https:\/\/ecolesprivees-maternellesetprimaires-vitre.fr\/notredame\/wp-json\/wp\/v2\/users\/1"}],"replies":[{"embeddable":true,"href":"https:\/\/ecolesprivees-maternellesetprimaires-vitre.fr\/notredame\/wp-json\/wp\/v2\/comments?post=475"}],"version-history":[{"count":41,"href":"https:\/\/ecolesprivees-maternellesetprimaires-vitre.fr\/notredame\/wp-json\/wp\/v2\/pages\/475\/revisions"}],"predecessor-version":[{"id":10541,"href":"https:\/\/ecolesprivees-maternellesetprimaires-vitre.fr\/notredame\/wp-json\/wp\/v2\/pages\/475\/revisions\/10541"}],"wp:attachment":[{"href":"https:\/\/ecolesprivees-maternellesetprimaires-vitre.fr\/notredame\/wp-json\/wp\/v2\/media?parent=475"}],"curies":[{"name":"wp","href":"https:\/\/api.w.org\/{rel}","templated":true}]}}

<div class="wpb-content-wrapper">[vc_row][vc_column]<style>.vcex-heading.vcex_69f43d73e4409 .vcex-heading-inner{border-color:#e94b46;}.vcex-heading.vcex_69f43d73e4409{border-color:#e8e8e8;font-size:36px;}</style><div class="vcex-heading vcex-heading-bottom-border-w-color vcex-module wpex-heading wpex-text-2xl wpex-border-b-2 wpex-border-solid wpex-border-main vcex_69f43d73e4409"><span class="vcex-heading-inner wpex-inline-block wpex-relative wpex-pb-5 wpex-border-b-2 wpex-border-solid wpex-border-accent">Calendrier - Agenda</span></div><div class="vcex-spacing wpex-w-100 wpex-clear"></div>[vc_column_text css= » »]<strong><span style="color: #ff0000">Vendredi 26 septembre 2025</span><br />
Ma rentrée avec l&rsquo;UGSEL</strong></p>
<p><strong><span style="color: #ff0000">Jeudi 16 octobre 2025</span><br />
Cross pour les élémentaires</strong></p>
<p><strong><span style="color: #ff0000">Mardi 16 décembre 2025</span><br />
Spectacle de Noël pour les élèves de PS-MS-GS et CP</strong></p>
<p><strong><span style="color: #ff0000">Jeudi 18 décembre 2025</span><br />
Cinéma pour les élèves de CE1-CE2-CM1 et CM2</strong></p>
<p><strong><span style="color: #ff0000">Vendredi 19 décembre 2025</span><br />
Célébration de Noël</strong></p>
<p><strong><span style="color: #ff0000">Samedi 31 janvier 2026</span><br />
Soirée festive de l’école</strong></p>
<p><strong><span style="color: #ff0000">Vendredi 13 mars 2026</span><br />
Carnaval de l&rsquo;école</strong></p>
<p><strong><span style="color: #ff0000">Vendredi 3 avril 2026</span><br />
Opération Bol de Riz </strong></p>
<p><strong><span style="color: #ff0000">Vendredi 10 avril 2026</span><br />
Célébration de Pâques</strong></p>
<p><span style="color: #ff0000"><strong>Dimanche 28 juin 2026</strong></span><br />
<strong>Kermesse de l&rsquo;école</strong>[/vc_column_text]<div class="vcex-module vcex-divider vcex-divider-double vcex-divider-center wpex-mx-auto wpex-block wpex-h-0 wpex-border-y wpex-border-solid wpex-border-main wpex-pb-5" style="margin-block:30px;"></div><div class="vcex-module vcex-divider vcex-divider-double vcex-divider-center wpex-mx-auto wpex-block wpex-h-0 wpex-border-y wpex-border-solid wpex-border-main wpex-pb-5" style="margin-block:30px;"></div>[vc_column_text][/vc_column_text]<div class="vcex-spacing wpex-w-100 wpex-clear"></div>[/vc_column][/vc_row]
</div>

<p>[vc_row][vc_column][vc_column_text css= » »]Vendredi 26 septembre 2025 Ma rentrée avec l&rsquo;UGSEL Jeudi 16 octobre 2025 Cross pour les élémentaires Mardi 16 décembre 2025 Spectacle de Noël pour les élèves de PS-MS-GS et CP Jeudi 18 décembre 2025 Cinéma pour les élèves de CE1-CE2-CM1 et CM2 Vendredi 19 décembre 2025 Célébration de Noël Samedi 31 janvier 2026 Soirée&hellip;</p>
